l(-24)?
3, 79
Suppose 2*y + 4*y = 228. List the prime factors of y.
2, 19
Suppose 5*k + 1 = 4*a, -k - 2*k = a + 4. What are the prime factors of (-1)/k - (-8)/2?
5
List the prime factors of 1 + (0 - (-4 - 121)).
2, 3, 7
Let c be (-2)/(-3) + (-111)/(-9). List the prime factors of c - 1 - 14/7.
2, 5
Suppose 6*t - 45 = 5*t. What are the prime factors of t?
3, 5
Suppose 5*l - 2*g = -61 + 177, -3*g + 102 = 4*l. What are the prime factors of l?
2, 3
Suppose 6*a = 4*a + 98. What are the prime factors of a?
7
Let g be (-2 - -1) + 2/1. Let h(b) = 12*b - 3. Let v(d) = -12*d + 4. Let j(z) = 3*h(z) + 2*v(z). List the prime factors of j(g).
11
What are the prime factors of 183/9 - 2/6?
2, 5
Let k(b) = 89*b**2 - 2*b. List the prime factors of k(1).
3, 29
Suppose 0 = -0*r + r - 37. Suppose 3*o = -a + r, 2*o + 5*a + 81 = 6*o. Suppose -o = -3*w + 4. List the prime factors of w.
2, 3
Suppose 5*p + 8 = -4*r, 5*r = 2*r + 2*p - 29. List the prime factors of 9 + r - (-1 - 3).
2, 3
Suppose -3*c - 247 + 745 = 0. List the prime factors of c.
2, 83
Suppose 3*y - 37 = -0*h + 4*h, h + 2*y = -12. What are the prime factors of (-2 - h)/(4/6)?
2, 3
Let j(q) = q**3 - 3*q**2 - 4*q + 2. Let t(i) = -i**3 + 6*i**2 + i - 3. Let v be t(6). Suppose -b + d = -v, -b = -d - 3*d. List the prime factors of j(b).
2
Suppose s = 14*s - 117. List the prime factors of s.
3
Suppose -x - 4*x + 190 = 0. Let b = x - 15. List the prime factors of b.
23
Let v(k) = 15*k - 1. Let h = 6 + -4. What are the prime factors of v(h)?
29
Let m = 231 - 164. What are the prime factors of m?
67
Suppose a - 3*u = -32, -41 - 35 = 3*a - 5*u. Suppose 0 = -2*w - 2*j + 54, -3*w - j + 77 = -2*j. Let c = a + w. List the prime factors of c.
3
Suppose o + 3*o = -8. Let v = o + 4. Suppose 5 = 4*l + v*f - 15, -4*f + 16 = 0. What are the prime factors of l?
3
Suppose 4*v + v - 79 = u, 0 = -4*v + u + 63. Let b = v + 2. List the prime factors of b.
2, 3
Suppose 3*j - r = -2*j - 76, -3*j - 2*r - 43 = 0. Let s = j - -21. List the prime factors of s.
2, 3
Let x be 14/3*81/(-18). Let l = x + 8. Let u = -8 - l. List the prime factors of u.
5
Let u(f) = -51*f**3 - f**2 - 2*f - 1. List the prime factors of u(-1).
3, 17
List the prime factors of 3 - 4 - -1 - -15.
3, 5
Let a be (-2)/(-8) - 305/20. Let o be (a/(-6))/(2/(-20)). Let p = -15 - o. List the prime factors of p.
2, 5
Let a = 157 - 56. Suppose 0 = -5*v - 36 + a. What are the prime factors of v?
13
Suppose -4*i + y + 32 = 5*y, 2*i - 11 = -y. What are the prime factors of i?
3
Let o(r) = r**3 + 7*r**2 - 8*r + 10. List the prime factors of o(-8).
2, 5
Suppose -4 = f - 2*v, -4*v + 0 + 8 = -4*f. Let u = f + 14. What are the prime factors of u?
2, 7
Let n(h) = -6*h - 5. Let s = -17 + 12. List the prime factors of n(s).
5
Let j(o) = -o**3 + 10*o**2 + 3*o + 13. What are the prime factors of j(10)?
43
Suppose -3 = -2*j + 1. Suppose -j*u + 6*u = -4. What are the prime factors of 48/(-30)*(u + -4)?
2
Suppose 18 = 4*x + 54. List the prime factors of x/3*(-26)/6.
13
Let j(m) = 5*m**2 + 5*m - 1. List the prime factors of j(-5).
3, 11
Let l(d) = -d**3 - 13*d**2 - d. Let h be l(-13). Let q = h + -8. List the prime factors of q.
5
Suppose -663 = -3*q - 207. List the prime factors of q.
2, 19
Let i be 8/12 - (-56)/(-3). Let v be ((-3)/2)/(6/(-16)). List the prime factors of v/i - (-83)/9.
3
Let p(l) = 2*l - 2. Let k be p(2). Suppose 9*o - 61 = -4*i + 4*o, 0 = k*i - 3*o - 3. List the prime factors of i.
3
Let g be (-3 + -3 + 6)/3. Suppose 0 = -4*u - t + 160, 3*u - t - 115 + 2 = g. List the prime factors of u.
3, 13
Let g(o) = o + 1. Let r be g(-1). Suppose a - 14 = -3*y, -30 = 4*y - 7*y + 3*a. Let p = y - r. What are the prime factors of p?
2, 3
Suppose 3*n - 3*g + g = 154, -3*n - 3*g + 159 = 0. List the prime factors of n.
2, 13
Let i = 12 + -8. List the prime factors of i.
2
List the prime factors of (-48)/84 - (-904)/14.
2
Suppose 19 = g - 4. List the prime factors of g.
23
Suppose -3*z + 6*z + 12 = j, 4*z - 2*j + 14 = 0. Let i = z - -21. What are the prime factors of i?
2
Suppose -3 + 5 = t. Suppose -t*c - 1 = -29. List the prime factors of c.
2, 7
Let c(k) = k**2 + 1. Let v be c(2). Suppose 3*s = 4 - 10, -w + 14 = -v*s. List the prime factors of w.
2
Suppose -3*o + o + 62 = 0. Let g = -17 - 2. Let m = o + g. What are the prime factors of m?
2, 3
Suppose 5*i = 4*i + 84. Suppose 5*q + p = 76, -i = -4*q + 4*p + p. What are the prime factors of q?
2
Suppose -3*z = -7*z + 20, 0 = -5*w + 2*z + 880. List the prime factors of w.
2, 89
Let l(y) = -y**3 + 5*y**2 - 4*y + 2. List the prime factors of l(3).
2
Suppose -8 = 2*v - 2*a, -3*v - a = -2*v - 2. List the prime factors of 6/(-18)*(-22 - v).
7
Suppose -8*u - 474 = -2554. What are the prime factors of u?
2, 5, 13
Suppose 0 = n - 2*n - 5. List the prime factors of (-1 - n) + (-2 - -39).
41
Suppose -13*b + 9*b = -8. Suppose 3*c + b = -4*t, 9 = 2*c + t + 2. What are the prime factors of c?
2, 3
Let w(s) = -s**3 + 7*s**2 + 3. Let z(n) = -n**3 - n**2 - 2*n - 1. Let c be z(-2). Let r be w(c). Suppose -2 + 20 = r*m. List the prime factors of m.
2, 3
Suppose -3*o + 12 = -4*o + 3*u, 0 = 5*o + 3*u + 42. Let h = o - -26. What are the prime factors of h?
17
Suppose -423 + 133 = -5*v. List the prime factors of v.
2, 29
Let n be 7/((-3)/(-18)*1). Suppose n = 13*b - 11*b. What are the prime factors of b?
3, 7
Let d = 41 + -57. Let l = -5 - d. Suppose 5*b - 96 = -l. What are the prime factors of b?
17
Let m be (-3)/(3/1)*0. Let v be (-3*9)/(12/(-8)). Suppose m*b = 2*b - v. What are the prime factors of b?
3
Suppose 3*x + 5*u - 219 = 0, -2 = -5*u + 13. What are the prime factors of x?
2, 17
Suppose -2*y - 14 = -2*n, -3*y = y + 2*n + 34. Let p = 10 + y. What are the prime factors of p?
2
Suppose 3*k + 0 = 12. List the prime factors of k.
2
Let b(l) = 11*l**2 + 4*l + 3. Let a be b(-2). List the prime factors of (-5 + 6)/(3/a).
13
Suppose 0*l = 3*l - 9. Suppose -4*u + 2*s = -124, 0 = -3*u - s + 3*s + 91. Suppose 5*x + 5 = 5*d, -3*d + l*x - 6*x = -u. List the prime factors of d.
2, 3
Let n(l) = l. Let v(w) = -10*w + 3. Let q(x) = -x**3 - 8*x**2 - 8*x - 8. Let i be q(-7). Let j(z) = i*v(z) - 3*n(z). List the prime factors of j(2).
11
Suppose -4*m + 923 = -0*m - w, 3*m - w - 692 = 0. List the prime factors of m.
3, 7, 11
Let i be (4/(-5))/(8/60). List the prime factors of (-3)/i*(3 + 3).
3
Let p be (-1 + (-2)/(-2))/(-1). Suppose -2*j - 3 + 7 = p. Suppose -j*c = -16 - 4. What are the prime factors of c?
2, 5
Let m = -148 - -220. What are the prime factors of m?
2, 3
Let d = -3 + 3. Let g = d + -1. List the prime factors of g/(-4) - 150/(-8).
19
Let j = -4 + -1. Let n(g) = -g**2 + 2*g. Let k(t) = 2*t**2 - t. Let c(f) = 2*k(f) + 3*n(f). What are the prime factors of c(j)?
5
Let d(k) = k**3 - 8*k**2 - 10*k + 12. Let b be d(9). What are the prime factors of (-1 - 2) + (b - -11)?
11
Let u be 3/3 + 3 + 0. Let p = -2 + u. Suppose n - 14 = p*d - d, -2*d - 76 = -5*n. List the prime factors of n.
2
Let n(c) = -c**3 + 5*c - 6. List the prime factors of n(-4).
2, 19
Let k be 0/((4*-2)/4). Suppose -5*f + 5*x + 12 = -2*f, k = 4*f - 5*x - 21. List the prime factors of f.
3
Let i(f) = -18*f + 9. List the prime factors of i(-4).
3
Suppose -2 = -2*a - g, -2*g = -a - 2*a + 10. Suppose 0 = a*k - 0*k - 62. What are the prime factors of k?
31
Suppose 0*a - 5*a + 15 = 0. Suppose 5*z = -q + 16, 0 + 3 = a*z. List the prime factors of q.
11
Suppose 0 = 2*j + 3*u - 19, -3*j - u + 41 = 2*j. List the prime factors of j.
2
Let w = 2 + 1. Let q = 13 - w. What are the prime factors of q?
2, 5
Suppose -k + 5*a - 289 = -2*k, -4*k + 1093 = -a. What are the prime factors of k?
2, 137
Let g be 2 + -3 - 2 - 17. What are the prime factors of -3*5/(g/36)?
3
Let j be (-26)/(-4) + (-5)/10. List the prime factors of (45 - j) + (0 - 0).
3, 13
Let i = -48 - -75. What are the prime factors of i?
3
Let v(o) = -o**3 - 6*o**2 - 9*o - 4. Let g be v(-6). Suppose -4*j + 30 = -g. List the prime factors of j.
2, 5
Let u be (-7)/(-2) - 2/(-4). Suppose -u*r = -9 - 27. List the prime factors of 2/r*-3*-3.
2
Let q(d) = -d**3 - 6*d**2 - 8. Let o be q(-6). Let i be 8/(-6) - 4/6. List the prime factors of 2 + i*1 - o.
2
Let g be (-44)/(-20) - (-1)/(-5). Suppose g = j - 0. What are the prime factors of j/(-2 - (-48)/21)?
7
Let